{"id":4111,"date":"2025-07-27T16:57:32","date_gmt":"2025-07-27T16:57:32","guid":{"rendered":"https:\/\/jairolibreros.com\/?page_id=4111"},"modified":"2025-09-26T11:56:37","modified_gmt":"2025-09-26T11:56:37","slug":"mi-papa-el-youtuber","status":"publish","type":"page","link":"https:\/\/jairolibreros.com\/?page_id=4111","title":{"rendered":"Mi pap\u00e1, el youtuber"},"content":{"rendered":"<p><span style=\"font-family: tahoma, arial, helvetica, sans-serif; font-size: 14pt;\"><strong>Mi pap\u00e1, el youtuber<\/strong><\/span><\/p>\n<p><span style=\"font-family: tahoma, arial, helvetica, sans-serif; font-size: 14pt;\"><a href=\"https:\/\/jairolibreros.com\/?page_id=2\"><strong><span style=\"text-decoration: underline;\">Jairo Libreros<\/span><\/strong><\/a><\/span><\/p>\n<p><span style=\"font-family: tahoma, arial, helvetica, sans-serif; font-size: 14pt;\"><em>Buga, Valle del Cauca \u00b7 27.07.2025<\/em><\/span><\/p>\n<p style=\"text-align: center;\"><span style=\"font-family: tahoma, arial, helvetica, sans-serif; font-size: 14pt;\"><strong>Un youtuber de ochenta a\u00f1os<\/strong><\/span><\/p>\n<figure id=\"attachment_4113\" aria-describedby=\"caption-attachment-4113\" style=\"width: 225px\" class=\"wp-caption alignright\"><img fetchpriority=\"high\" decoding=\"async\" class=\"size-medium wp-image-4113\" src=\"https:\/\/jairolibreros.com\/wp-content\/uploads\/2025\/07\/92515fcd-80ac-4cee-8f32-b16cf56cc505-225x300.jpg\" alt=\"\" width=\"225\" height=\"300\" srcset=\"https:\/\/jairolibreros.com\/wp-content\/uploads\/2025\/07\/92515fcd-80ac-4cee-8f32-b16cf56cc505-225x300.jpg 225w, https:\/\/jairolibreros.com\/wp-content\/uploads\/2025\/07\/92515fcd-80ac-4cee-8f32-b16cf56cc505-768x1024.jpg 768w, https:\/\/jairolibreros.com\/wp-content\/uploads\/2025\/07\/92515fcd-80ac-4cee-8f32-b16cf56cc505.jpg 960w\" sizes=\"(max-width: 225px) 100vw, 225px\" \/><figcaption id=\"caption-attachment-4113\" class=\"wp-caption-text\"><strong>Jairo Libreros C\u00e1ceres<\/strong>. Mi pap\u00e1, el youtuber. Buga. 2024<\/figcaption><\/figure>\n<p><span style=\"font-family: tahoma, arial, helvetica, sans-serif; font-size: 14pt;\"><strong>Jairo Libreros C\u00e1ceres, mi pap\u00e1<\/strong>, durante su carrera profesional altern\u00f3 su vida laboral como juez, magistrado y ahora abogado litigante con la academia como profesor de historia en el Colegio Acad\u00e9mico, en el Gimnasio Central del Valle y en el Liceo de los Andes y como profesor de derecho procesal civil en la Universidad Central del Valle del Cauca, UCEVA, as\u00ed como con el periodismo como analista, panelista, columnista y creador y director de diferentes espacio radiales en Voces de Occidente y en Radio Guadalajara.<\/span><\/p>\n<p><span style=\"font-family: tahoma, arial, helvetica, sans-serif; font-size: 14pt;\">Hablar de mi pap\u00e1 es un reto tit\u00e1nico, y escribir sobre \u00e9l es una aventura emocional que emprend\u00ed hace muchos a\u00f1os. Quiz\u00e1, lleg\u00f3 la hora de trabajar en esos viejos borradores que guardo celosamente esperando vaya uno a saber qu\u00e9 cosa o simplemente cu\u00e1l es el momento m\u00e1s indicado. <\/span><span style=\"font-family: tahoma, arial, helvetica, sans-serif; font-size: 14pt;\">Por ahora destaco lo que algunas personas conocen de \u00e9l. Fue un estudiante brillante en el Colegio Acad\u00e9mico de Buga y en la Universidad Nacional de Bogot\u00e1, donde obtuvo su grado como abogado ocupando el primer puesto de su promoci\u00f3n. Magistrado impecable. Profesor intachable. Fue miembro y director de la Casa de la Cultura, de la Academia de Historia y de la Sociedad Bolivariana de Buga. Ama el derecho y ama la historia. Es liberal socialdem\u00f3crata. Un lector incansable. Un escritor prol\u00edfico -su ultimo libro se titula &#8220;Hitos a la vera del camino. Obra selecta (2020)&#8221;.<\/span><\/p>\n<figure id=\"attachment_4115\" aria-describedby=\"caption-attachment-4115\" style=\"width: 300px\" class=\"wp-caption alignleft\"><img decoding=\"async\" class=\"size-medium wp-image-4115\" src=\"https:\/\/jairolibreros.com\/wp-content\/uploads\/2025\/07\/11a949c0-645f-4f72-95ba-dc21fca53055-300x213.jpg\" alt=\"\" width=\"300\" height=\"213\" srcset=\"https:\/\/jairolibreros.com\/wp-content\/uploads\/2025\/07\/11a949c0-645f-4f72-95ba-dc21fca53055-300x213.jpg 300w, https:\/\/jairolibreros.com\/wp-content\/uploads\/2025\/07\/11a949c0-645f-4f72-95ba-dc21fca53055-1024x726.jpg 1024w, https:\/\/jairolibreros.com\/wp-content\/uploads\/2025\/07\/11a949c0-645f-4f72-95ba-dc21fca53055-768x545.jpg 768w, https:\/\/jairolibreros.com\/wp-content\/uploads\/2025\/07\/11a949c0-645f-4f72-95ba-dc21fca53055-1536x1090.jpg 1536w, https:\/\/jairolibreros.com\/wp-content\/uploads\/2025\/07\/11a949c0-645f-4f72-95ba-dc21fca53055.jpg 1748w\" sizes=\"(max-width: 300px) 100vw, 300px\" \/><figcaption id=\"caption-attachment-4115\" class=\"wp-caption-text\"><strong>Jairo Libreros C\u00e1ceres<\/strong>. Lanzamiento. Hitos a la vera del camino. Obra selecta. 2020<\/figcaption><\/figure>\n<p><span style=\"font-family: tahoma, arial, helvetica, sans-serif; font-size: 14pt;\">Y lo mejor de todo: es el mejor pap\u00e1 del mundo, y ejerce como tal d\u00eda a d\u00eda el oficio de <em>pater familias<\/em>. Todas las decisiones de la familia ampliada en Buga pasan por sus manos. Todas. Desde mediados de 2023, cuando regres\u00e9 a Buga para vivir m\u00e1s tiempo con \u00e9l -primero por amor, luego por trabajo y despu\u00e9s por salud (las tres variables siguen vigentes)- volv\u00ed a sentir lo que es ser hijo de familia. Imparte amorosamente \u00f3rdenes e instrucciones. Define las prioridades. Insin\u00faa que leer -generalmente, lee los p\u00e1rrafos que son necesarios-, bien sean los art\u00edculos o las columnas de los peri\u00f3dicos del d\u00eda -cuatro impresos-, los libros de su inmensa -gigantesca- biblioteca y las novedades bibliogr\u00e1ficas que debemos adquirir y devorar de manera inmediata. Lo amo&#8230;<\/span><\/p>\n<figure id=\"attachment_4114\" aria-describedby=\"caption-attachment-4114\" style=\"width: 300px\" class=\"wp-caption alignright\"><img decoding=\"async\" class=\"size-medium wp-image-4114\" src=\"https:\/\/jairolibreros.com\/wp-content\/uploads\/2025\/07\/b11a011e-6522-417f-ac9f-b633ec55367e-300x225.jpg\" alt=\"\" width=\"300\" height=\"225\" srcset=\"https:\/\/jairolibreros.com\/wp-content\/uploads\/2025\/07\/b11a011e-6522-417f-ac9f-b633ec55367e-300x225.jpg 300w, https:\/\/jairolibreros.com\/wp-content\/uploads\/2025\/07\/b11a011e-6522-417f-ac9f-b633ec55367e-768x576.jpg 768w, https:\/\/jairolibreros.com\/wp-content\/uploads\/2025\/07\/b11a011e-6522-417f-ac9f-b633ec55367e.jpg 1024w\" sizes=\"(max-width: 300px) 100vw, 300px\" \/><figcaption id=\"caption-attachment-4114\" class=\"wp-caption-text\"><strong>Jairo Libreros C\u00e1ceres<\/strong>. Hitos a la vera del camino. Obra selecta. 2020<\/figcaption><\/figure>\n<p><span style=\"font-family: tahoma, arial, helvetica, sans-serif; font-size: 14pt;\">Y me da l\u00ednea profesional: consejos pol\u00edticos, recomendaciones profesionales y an\u00e9cdotas hist\u00f3ricas para que las ponga en pr\u00e1ctica en mi trabajo como profesor, consultor y analista pol\u00edtico. Y por supuesto administra la casa, la dieta cal\u00f3rica diaria y muchas cosas m\u00e1s. Dos a\u00f1os despu\u00e9s, acumulamos dos de cada tres d\u00edas juntos.<\/span><\/p>\n<p><span style=\"font-family: tahoma, arial, helvetica, sans-serif; font-size: 14pt;\">Es guardi\u00e1n de todas mis historias, relatos y estrategias -en estos 50 a\u00f1os ha escuchado llantos, risas, sue\u00f1os, proyectos, miedos, l\u00edos, errores, amores y desamores, triunfos y derrotas, chismes y conspiraciones y m\u00e1s de un secreto que me han confiado bajo el r\u00f3tulo de seguridad nacional-. Es un magn\u00edfico conversador, sabe escuchar y siempre tiene la respuesta indicada y es un complice de mil y un mill\u00f3n de batallas. Y las que nos faltan&#8230;<\/span><\/p>\n<p><span style=\"font-family: tahoma, arial, helvetica, sans-serif; font-size: 14pt;\">Hoy d\u00eda es el presidente de la Fundaci\u00f3n Colegio Acad\u00e9mico, es conferencista de temas pol\u00edticos e hist\u00f3ricos y ejerce la profesi\u00f3n de abogado. Todos los d\u00edas acude a su oficina a resolver los negocios jur\u00eddicos que apodera en diferentes juzgados del Valle del Cauca y en los tribunales superiores de Buga y de Cali.<\/span><\/p>\n<p><span style=\"font-family: tahoma, arial, helvetica, sans-serif; font-size: 14pt;\">Y tambi\u00e9n es el papa de mis hermanos -y lo hace de id\u00e9ntica forma amorosa-. Y es abuelo y bisabuelo. Es hermano, t\u00edo y primo de muchos Libreros, de muchos C\u00e1ceres, por decir lo menos -sin nombres ni detalles, por prudencia-. Es un combo grande.<\/span><\/p>\n<div style=\"width: 480px;\" class=\"wp-video\"><!--[if lt IE 9]><script>document.createElement('video');<\/script><![endif]-->\n<video class=\"wp-video-shortcode\" id=\"video-4111-1\" width=\"480\" height=\"848\" preload=\"metadata\" controls=\"controls\"><source type=\"video\/mp4\" src=\"https:\/\/jairolibreros.com\/wp-content\/uploads\/2025\/07\/d7a8cdad-bda1-49c2-9a78-ded071925860-1.mp4?_=1\" \/><a href=\"https:\/\/jairolibreros.com\/wp-content\/uploads\/2025\/07\/d7a8cdad-bda1-49c2-9a78-ded071925860-1.mp4\">https:\/\/jairolibreros.com\/wp-content\/uploads\/2025\/07\/d7a8cdad-bda1-49c2-9a78-ded071925860-1.mp4<\/a><\/video><\/div>\n<p>&nbsp;<\/p>\n<p><span style=\"font-family: tahoma, arial, helvetica, sans-serif; font-size: 14pt;\">En los \u00faltimos siete a\u00f1os, mi pap\u00e1 dirigi\u00f3 y present\u00f3 un programa radial de historia pol\u00edtica en Voces de Occidente. Todos los domingos entre las 9AM y 10AM analizaba en un mon\u00f3logo los temas pol\u00edticos con perspectiva hist\u00f3rica. Infortunadamente, esa emisora desapareci\u00f3 del dial. Y Buga se qued\u00f3 sin emisora, los bugue\u00f1os perdimos un referente cultural, social y noticioso de la ciudad y mi pap\u00e1 sin su programa -no es el momento, pero el tema de la desaparici\u00f3n de emisoras, o la devoluci\u00f3n de estas al Estado, tiene que ser analizado desde el punto de vista de la libertad de prensa y de expresi\u00f3n-.<\/span><\/p>\n<p><span style=\"font-size: 14pt; font-family: tahoma, arial, helvetica, sans-serif;\">Regreso con <strong>Mi pap\u00e1, el youtuber<\/strong>.<\/span><\/p>\n<p><span style=\"font-family: tahoma, arial, helvetica, sans-serif; font-size: 14pt;\">Pero qui\u00e9n dijo miedo. Busquemos un formato. Alguna alternativa. Que grabemos un audio semanal. Qu\u00e9 Voces de Occidente se convertir\u00e1 en un portal de noticias, y ah\u00ed vamos. Que esto, que aquello, etc\u00e9tera.<\/span><\/p>\n<p><span style=\"font-family: tahoma, arial, helvetica, sans-serif; font-size: 14pt;\">Las dos primeras semanas el panorama era sombr\u00edo. Mi pap\u00e1 lamentaba mucho la p\u00e9rdida de su espacio radial. Pero llego la idea de grabar de manera independiente sus an\u00e1lisis. Y al estilo de muchos reconocidos periodistas nacionales e internacionales surgi\u00f3 la idea de hacerlo v\u00eda Youtube. Y sin m\u00e1s pre\u00e1mbulos mi pap\u00e1 se convirti\u00f3 en youtuber, un youtuber de ochenta a\u00f1os (un poquito m\u00e1s)&#8230;<\/span><\/p>\n<p><span style=\"font-size: 14pt; font-family: tahoma, arial, helvetica, sans-serif;\">A partir de hoy, en esta p\u00e1gina colgar\u00e9 las intervenciones de <strong>Mi pap\u00e1, el youtuber. Un youtuber de ochenta a\u00f1os&#8230;<\/strong><\/span><\/p>\n<p style=\"text-align: center;\"><span style=\"font-size: 14pt; font-family: tahoma, arial, helvetica, sans-serif;\"><strong>Episodios<\/strong><\/span><\/p>\n<p class=\"p1\"><span style=\"font-size: 14pt; font-family: tahoma, arial, helvetica, sans-serif;\"><strong>XII. Hacia la anarqu\u00eda federalista<\/strong><\/span><\/p>\n<p><span style=\"font-size: 14pt; font-family: tahoma, arial, helvetica, sans-serif;\">Buga, Valle del Cauca \u00b7 25.09.2025<\/span><\/p>\n<p><iframe hcb-fetch-image-from=\"https:\/\/www.youtube.com\/watch?v=I1RfWHotH1o\" title=\"Hacia la Anarqu\u00eda Federalista\" width=\"640\" height=\"360\" src=\"https:\/\/www.youtube.com\/embed\/I1RfWHotH1o?feature=oembed\" frameborder=\"0\" allow=\"accelerometer; autoplay; clipboard-write; encrypted-media; gyroscope; picture-in-picture; web-share\" referrerpolicy=\"strict-origin-when-cross-origin\" allowfullscreen><\/iframe><\/p>\n<p><span style=\"font-size: 14pt; font-family: tahoma, arial, helvetica, sans-serif;\">&#8230; &#8230; &#8230;<\/span><\/p>\n<p><span style=\"font-size: 14pt; font-family: tahoma, arial, helvetica, sans-serif;\"><strong>XI. Federalismo en Colombia a la vista<\/strong><\/span><\/p>\n<p><span style=\"font-size: 14pt; font-family: tahoma, arial, helvetica, sans-serif;\">Buga, Valle del Cauca \u00b7 18.09.2025<\/span><\/p>\n<p><iframe hcb-fetch-image-from=\"https:\/\/www.youtube.com\/watch?v=VlsZYQsib-M\" title=\"Federalismo en Colombia a la vista\" width=\"640\" height=\"360\" src=\"https:\/\/www.youtube.com\/embed\/VlsZYQsib-M?feature=oembed\" frameborder=\"0\" allow=\"accelerometer; autoplay; clipboard-write; encrypted-media; gyroscope; picture-in-picture; web-share\" referrerpolicy=\"strict-origin-when-cross-origin\" allowfullscreen><\/iframe><\/p>\n<p><span style=\"font-family: tahoma, arial, helvetica, sans-serif; font-size: 14pt;\">&#8230; &#8230; &#8230;<\/span><\/p>\n<p><span style=\"font-size: 14pt; font-family: tahoma, arial, helvetica, sans-serif;\"><strong>X. El librecambio o neoliberalismo en la Nueva Granada<\/strong><\/span><\/p>\n<p><span style=\"font-size: 14pt; font-family: tahoma, arial, helvetica, sans-serif;\">Buga, Valle del Cauca \u00b7 11.09.2025<\/span><\/p>\n<p><iframe hcb-fetch-image-from=\"https:\/\/www.youtube.com\/watch?v=I9NYC0gU-lg\" title=\"El libre cambio o neo liberalismo en la Nueva Granada\" width=\"640\" height=\"360\" src=\"https:\/\/www.youtube.com\/embed\/I9NYC0gU-lg?feature=oembed\" frameborder=\"0\" allow=\"accelerometer; autoplay; clipboard-write; encrypted-media; gyroscope; picture-in-picture; web-share\" referrerpolicy=\"strict-origin-when-cross-origin\" allowfullscreen><\/iframe><\/p>\n<p><span style=\"font-family: tahoma, arial, helvetica, sans-serif; font-size: 14pt;\">&#8230; &#8230; &#8230;<\/span><\/p>\n<p><span style=\"font-size: 14pt; font-family: tahoma, arial, helvetica, sans-serif;\"><strong>IX. La evoluci\u00f3n de las ideas pol\u00edticas en Colombia. Parte 1<\/strong><\/span><\/p>\n<p><span style=\"font-size: 14pt; font-family: tahoma, arial, helvetica, sans-serif;\">Buga, Valle del Cauca \u00b7 04.09.2025<\/span><\/p>\n<p><iframe hcb-fetch-image-from=\"https:\/\/www.youtube.com\/watch?v=MMZJZhtDVHc\" title=\"La evoluci\u00f3n de las ideas pol\u00edticas en Colombia Parte1\" width=\"640\" height=\"360\" src=\"https:\/\/www.youtube.com\/embed\/MMZJZhtDVHc?feature=oembed\" frameborder=\"0\" allow=\"accelerometer; autoplay; clipboard-write; encrypted-media; gyroscope; picture-in-picture; web-share\" referrerpolicy=\"strict-origin-when-cross-origin\" allowfullscreen><\/iframe><\/p>\n<p><span style=\"font-family: tahoma, arial, helvetica, sans-serif; font-size: 14pt;\">&#8230; &#8230; &#8230;<\/span><\/p>\n<p><span style=\"font-size: 14pt; font-family: tahoma, arial, helvetica, sans-serif;\"><strong>VIII. Sobre Bol\u00edvar: \u00bflibert\u00f3 o no al Per\u00fa?<\/strong><\/span><\/p>\n<p><span style=\"font-size: 14pt; font-family: tahoma, arial, helvetica, sans-serif;\">Buga, Valle del Cauca \u00b7 28.08.2025<\/span><\/p>\n<p><iframe hcb-fetch-image-from=\"https:\/\/www.youtube.com\/watch?v=tbyKgII2y3E\" title=\"Sobre si Bol\u00edvar, Libert\u00f3 o no al Per\u00fa\" width=\"640\" height=\"360\" src=\"https:\/\/www.youtube.com\/embed\/tbyKgII2y3E?feature=oembed\" frameborder=\"0\" allow=\"accelerometer; autoplay; clipboard-write; encrypted-media; gyroscope; picture-in-picture; web-share\" referrerpolicy=\"strict-origin-when-cross-origin\" allowfullscreen><\/iframe><\/p>\n<p><span style=\"font-family: tahoma, arial, helvetica, sans-serif; font-size: 14pt;\">&#8230; &#8230; &#8230;<\/span><\/p>\n<p><span style=\"font-size: 14pt; font-family: tahoma, arial, helvetica, sans-serif;\"><strong>VII. \u00bfPor qu\u00e9 perdimos el canal de Panam\u00e1?<\/strong><\/span><\/p>\n<p><span style=\"font-size: 14pt; font-family: tahoma, arial, helvetica, sans-serif;\">Buga, Valle del Cauca \u00b7 21.08.2025<\/span><\/p>\n<p><iframe hcb-fetch-image-from=\"https:\/\/www.youtube.com\/watch?v=4_eWWOUaHcM\" title=\"Por qu\u00e9 perdimos el Canal de Panam\u00e1\" width=\"640\" height=\"360\" src=\"https:\/\/www.youtube.com\/embed\/4_eWWOUaHcM?feature=oembed\" frameborder=\"0\" allow=\"accelerometer; autoplay; clipboard-write; encrypted-media; gyroscope; picture-in-picture; web-share\" referrerpolicy=\"strict-origin-when-cross-origin\" allowfullscreen><\/iframe><\/p>\n<p><span style=\"font-family: tahoma, arial, helvetica, sans-serif; font-size: 14pt;\">&#8230; &#8230; &#8230;<\/span><\/p>\n<p><span style=\"font-size: 14pt; font-family: tahoma, arial, helvetica, sans-serif;\"><strong>VI. De nuevo conflicto colombo-peruano<\/strong><\/span><\/p>\n<p><span style=\"font-size: 14pt; font-family: tahoma, arial, helvetica, sans-serif;\">Buga, Valle del Cauca \u00b7 15.08.2025<\/span><\/p>\n<p><iframe hcb-fetch-image-from=\"https:\/\/www.youtube.com\/watch?v=Sm8cMV7ZwYg&amp;t=1s\" title=\"DE NUEVO CONFLICTO COLOMBO PERUANO\" width=\"640\" height=\"360\" src=\"https:\/\/www.youtube.com\/embed\/Sm8cMV7ZwYg?start=1&#038;feature=oembed\" frameborder=\"0\" allow=\"accelerometer; autoplay; clipboard-write; encrypted-media; gyroscope; picture-in-picture; web-share\" referrerpolicy=\"strict-origin-when-cross-origin\" allowfullscreen><\/iframe><\/p>\n<p><span style=\"font-family: tahoma, arial, helvetica, sans-serif; font-size: 14pt;\">&#8230; &#8230; &#8230;<\/span><\/p>\n<p><span style=\"font-family: tahoma, arial, helvetica, sans-serif; font-size: 14pt;\"><strong>V. Sobre constituciones de hecho y de derecho<\/strong><\/span><\/p>\n<p><span style=\"font-family: tahoma, arial, helvetica, sans-serif; font-size: 14pt;\">Buga, Valle del Cauca \u00b7 07.08.2025<\/span><\/p>\n<p><iframe hcb-fetch-image-from=\"https:\/\/www.youtube.com\/watch?v=AutmNBGkMAM\" title=\"SOBRE CONSTITUCIONES DE HECHO Y DERECHO\" width=\"640\" height=\"360\" src=\"https:\/\/www.youtube.com\/embed\/AutmNBGkMAM?feature=oembed\" frameborder=\"0\" allow=\"accelerometer; autoplay; clipboard-write; encrypted-media; gyroscope; picture-in-picture; web-share\" referrerpolicy=\"strict-origin-when-cross-origin\" allowfullscreen><\/iframe><\/p>\n<p><span style=\"font-family: tahoma, arial, helvetica, sans-serif; font-size: 14pt;\">&#8230; &#8230; &#8230;<\/span><\/p>\n<p><span style=\"font-size: 14pt; font-family: tahoma, arial, helvetica, sans-serif;\"><strong>IV. Recuerdos del pasado<\/strong><\/span><\/p>\n<p><span style=\"font-size: 14pt; font-family: tahoma, arial, helvetica, sans-serif;\"><em>Buga, Valle del Cauca \u00b7 31.07.2025<\/em><\/span><\/p>\n<p><iframe hcb-fetch-image-from=\"https:\/\/www.youtube.com\/watch?v=EeP__pEoJmU&amp;t=5s\" title=\"RECUERDOS DEL PASADO HISTORICO\" width=\"640\" height=\"360\" src=\"https:\/\/www.youtube.com\/embed\/EeP__pEoJmU?start=5&#038;feature=oembed\" frameborder=\"0\" allow=\"accelerometer; autoplay; clipboard-write; encrypted-media; gyroscope; picture-in-picture; web-share\" referrerpolicy=\"strict-origin-when-cross-origin\" allowfullscreen><\/iframe><\/p>\n<p><span style=\"font-family: tahoma, arial, helvetica, sans-serif; font-size: 14pt;\">&#8230; &#8230; &#8230;<\/span><\/p>\n<p><span style=\"font-family: tahoma, arial, helvetica, sans-serif; font-size: 14pt;\"><b>III. Ante un fallo trascendental<\/b><\/span><\/p>\n<p><span style=\"font-size: 14pt; font-family: tahoma, arial, helvetica, sans-serif;\"><em>Buga, Valle del Cauca \u00b7 26.07.2025<\/em><\/span><\/p>\n<p><iframe hcb-fetch-image-from=\"https:\/\/www.youtube.com\/watch?v=wpR2yHzOsDY&amp;t=2s\" title=\"ANTE UN FALLO TRASCENDENTAL\" width=\"640\" height=\"360\" src=\"https:\/\/www.youtube.com\/embed\/wpR2yHzOsDY?start=2&#038;feature=oembed\" frameborder=\"0\" allow=\"accelerometer; autoplay; clipboard-write; encrypted-media; gyroscope; picture-in-picture; web-share\" referrerpolicy=\"strict-origin-when-cross-origin\" allowfullscreen><\/iframe><\/p>\n<p><span style=\"font-size: 14pt; font-family: tahoma, arial, helvetica, sans-serif;\">&#8230; &#8230; &#8230;<\/span><\/p>\n<p><span style=\"font-size: 14pt; font-family: tahoma, arial, helvetica, sans-serif;\"><strong>II. <\/strong><strong>Historia y realidad normativa constitucional<\/strong><\/span><\/p>\n<p><span style=\"font-size: 14pt; font-family: tahoma, arial, helvetica, sans-serif;\"><em>Buga, Valle del Cauca \u00b7 18.07.2025<\/em><\/span><\/p>\n<p><iframe hcb-fetch-image-from=\"https:\/\/www.youtube.com\/watch?v=xdhvZC5D27s&amp;t=158s\" title=\"HISTORIA Y REALIDAD NORMATIVA CONSTITUCIONAL1\" width=\"640\" height=\"360\" src=\"https:\/\/www.youtube.com\/embed\/xdhvZC5D27s?feature=oembed\" frameborder=\"0\" allow=\"accelerometer; autoplay; clipboard-write; encrypted-media; gyroscope; picture-in-picture; web-share\" referrerpolicy=\"strict-origin-when-cross-origin\" allowfullscreen><\/iframe><\/p>\n<p><span style=\"font-size: 14pt; font-family: tahoma, arial, helvetica, sans-serif;\">&#8230; &#8230; &#8230;<\/span><\/p>\n<p><span style=\"font-size: 14pt; font-family: tahoma, arial, helvetica, sans-serif;\"><strong>I. Presentaci\u00f3n <\/strong><strong>Jairo Libreros C\u00e1ceres<\/strong><\/span><\/p>\n<p><span style=\"font-size: 14pt; font-family: tahoma, arial, helvetica, sans-serif;\"><em>Buga, Valle del Cauca \u00b7 24.06.2025<\/em><\/span><\/p>\n<p><iframe hcb-fetch-image-from=\"https:\/\/www.youtube.com\/watch?v=2M1owAKL0fw\" title=\"PRESENTACION DR JAIRO YOUTUBER\" width=\"640\" height=\"360\" src=\"https:\/\/www.youtube.com\/embed\/2M1owAKL0fw?feature=oembed\" frameborder=\"0\" allow=\"accelerometer; autoplay; clipboard-write; encrypted-media; gyroscope; picture-in-picture; web-share\" referrerpolicy=\"strict-origin-when-cross-origin\" allowfullscreen><\/iframe><\/p>\n<p style=\"text-align: right;\"><span style=\"text-decoration: underline; font-family: tahoma, arial, helvetica, sans-serif; font-size: 14pt;\"><a href=\"https:\/\/jairolibreros.com\/\"><strong>Blog de Jairo Libreros<\/strong><\/a><\/span><\/p>\n","protected":false},"excerpt":{"rendered":"<p>Mi pap\u00e1, el youtuber Jairo Libreros Buga, Valle del Cauca \u00b7 27.07.2025 Un youtuber de ochenta a\u00f1os Jairo Libreros C\u00e1ceres, mi pap\u00e1, durante <\/p>\n","protected":false},"author":1,"featured_media":4113,"parent":0,"menu_order":5,"comment_status":"closed","ping_status":"closed","template":"","meta":{"om_disable_all_campaigns":false,"_monsterinsights_skip_tracking":false,"_monsterinsights_sitenote_active":false,"_monsterinsights_sitenote_note":"","_monsterinsights_sitenote_category":0,"footnotes":""},"aioseo_notices":[],"class_list":["post-4111","page","type-page","status-publish","has-post-thumbnail","hentry"],"_links":{"self":[{"href":"https:\/\/jairolibreros.com\/index.php?rest_route=\/wp\/v2\/pages\/4111"}],"collection":[{"href":"https:\/\/jairolibreros.com\/index.php?rest_route=\/wp\/v2\/pages"}],"about":[{"href":"https:\/\/jairolibreros.com\/index.php?rest_route=\/wp\/v2\/types\/page"}],"author":[{"embeddable":true,"href":"https:\/\/jairolibreros.com\/index.php?rest_route=\/wp\/v2\/users\/1"}],"replies":[{"embeddable":true,"href":"https:\/\/jairolibreros.com\/index.php?rest_route=%2Fwp%2Fv2%2Fcomments&post=4111"}],"version-history":[{"count":27,"href":"https:\/\/jairolibreros.com\/index.php?rest_route=\/wp\/v2\/pages\/4111\/revisions"}],"predecessor-version":[{"id":4698,"href":"https:\/\/jairolibreros.com\/index.php?rest_route=\/wp\/v2\/pages\/4111\/revisions\/4698"}],"wp:featuredmedia":[{"embeddable":true,"href":"https:\/\/jairolibreros.com\/index.php?rest_route=\/wp\/v2\/media\/4113"}],"wp:attachment":[{"href":"https:\/\/jairolibreros.com\/index.php?rest_route=%2Fwp%2Fv2%2Fmedia&parent=4111"}],"curies":[{"name":"wp","href":"https:\/\/api.w.org\/{rel}","templated":true}]}}